{"id":70,"date":"2016-12-11T12:32:44","date_gmt":"2016-12-11T11:32:44","guid":{"rendered":"http:\/\/www.aufkleber-druck-profi.de\/?page_id=70"},"modified":"2017-09-12T13:55:16","modified_gmt":"2017-09-12T11:55:16","slug":"unbeleuchtete-buchstaben","status":"publish","type":"page","link":"http:\/\/www.buchstaben-profi.de\/?page_id=70","title":{"rendered":"Unbeleuchtete Buchstaben"},"content":{"rendered":"<p>In diese Kategorie fallen alle Buchstaben, die nicht direkt leuchten. Das k\u00f6nnen Folienschriften oder dreidimensionale Schriften aus Kunststoff sein, die nicht eigenst\u00e4ndig leuchten. Diese Buchstaben lassen sich aber immer noch durch Strahler anleuchten (vgl. auch <a href=\"http:\/\/www.aussenwerbung-profi.de\" target=\"_blank\">www.aussenwerbung-profi.de<\/a>).<\/p>\n<p>Handelt es sich zum Beispiel um selbstklebende Buchstaben f\u00fcr das Schaufenster, ist es auch gar nicht erforderlich, dass diese Art der Werbung leuchtet. Das beworbene Angebot sollte gro\u00df und leicht erkennbar auf dem Schaufenster sichtbar sein. Gleiches gilt f\u00fcr Fahrzeugbeschriftungen. Hier ist einfach nur wichtig, dass die Botschaft (Firmenname, Anschrift, Telefon, Internetadresse und die Leistungen) gro\u00df und deutlich auf dem Fahrzeug angebracht wird.<\/p>\n<p>An Ladengesch\u00e4ften kann der Firmenname auf einem unbeleuchteten Schild angebracht werden. Standardschriften oder eigene, individuelle Schriften sind m\u00f6glich. Das gilt auch f\u00fcr die Farbgestaltung. Wetterbest\u00e4ndige Firmenschilder sind sehr preisg\u00fcnstig zu produzieren und leicht montierbar.<\/p>\n<p>Die Buchstaben k\u00f6nnen auch aus Aluminium, Holz, Kunststoff oder Metall sein. Sie k\u00f6nnen nur wenige Millimeter flach sein oder auch sehr tief, um einen dreidimensionalen Effekt zu erzielen.<\/p>\n","protected":false},"excerpt":{"rendered":"<p>In diese Kategorie fallen alle Buchstaben, die nicht direkt leuchten. Das k\u00f6nnen Folienschriften oder dreidimensionale Schriften aus Kunststoff sein, die<\/p>\n","protected":false},"author":1,"featured_media":0,"parent":0,"menu_order":0,"comment_status":"closed","ping_status":"closed","template":"","meta":{"footnotes":""},"_links":{"self":[{"href":"http:\/\/www.buchstaben-profi.de\/index.php?rest_route=\/wp\/v2\/pages\/70"}],"collection":[{"href":"http:\/\/www.buchstaben-profi.de\/index.php?rest_route=\/wp\/v2\/pages"}],"about":[{"href":"http:\/\/www.buchstaben-profi.de\/index.php?rest_route=\/wp\/v2\/types\/page"}],"author":[{"embeddable":true,"href":"http:\/\/www.buchstaben-profi.de\/index.php?rest_route=\/wp\/v2\/users\/1"}],"replies":[{"embeddable":true,"href":"http:\/\/www.buchstaben-profi.de\/index.php?rest_route=%2Fwp%2Fv2%2Fcomments&post=70"}],"version-history":[{"count":10,"href":"http:\/\/www.buchstaben-profi.de\/index.php?rest_route=\/wp\/v2\/pages\/70\/revisions"}],"predecessor-version":[{"id":424,"href":"http:\/\/www.buchstaben-profi.de\/index.php?rest_route=\/wp\/v2\/pages\/70\/revisions\/424"}],"wp:attachment":[{"href":"http:\/\/www.buchstaben-profi.de\/index.php?rest_route=%2Fwp%2Fv2%2Fmedia&parent=70"}],"curies":[{"name":"wp","href":"https:\/\/api.w.org\/{rel}","templated":true}]}}